 = o**3 + 2*o**2 - 5*o - 4. Suppose 4*k = -3*z + 8, -4*k = 3*z - 2*k - 16. Let b = z + -5. Suppose b*p + 9 = -0*p. Determine i(p).
2
Let r(x) = 3*x - 41. Let i be r(16). Let a(w) be the second derivative of w**3/3 - 5*w**2 + w. Give a(i).
4
Suppose 0 = -2*h - 3*d + 36, d - 28 = -3*h + 26. Suppose -i = -f, h = -0*i + i + 5*f. Let x(a) = -2*a**2 + 4*a - 1. What is x(i)?
-7
Let l(j) = 3*j**3 - 2*j**2 + 5*j + 1. Let u(c) = c**3 + c + 2*c**2 - 2*c**2. Let r = -13 + 9. Let n(q) = r*u(q) + l(q). Determine n(-3).
7
Let i(z) = -z + 2. Suppose -2*q - 24 = -5*q. Let f(g) = -g + 11. Let m be f(q). Let p(s) = -s**3 + 5*s**2 - 3*s - 4. Let a be p(m). Determine i(a).
-3
Let m(r) = -2*r - 7. Let k be m(-5). Suppose y - k*y - 8 = 0. Let s(g) = -g**3 - 3*g**2 + 5*g - 1. Give s(y).
-5
Let i(t) = 5*t**2 + 6*t + 1. Let a(f) = -f**2 + 1. Let s(v) = -4*a(v) - i(v). Let y(z) = 2*z - 12. Let x be y(14). Suppose x = -4*l - 4. Determine s(l).
0
Let v(l) = 5*l - 20*l**2 - 4*l + l - 1 + 25*l**2. Give v(1).
6
Let u(t) = t**3 - 7*t**2 + 5*t. Suppose 24 = 3*n + 6. Let x be u(n). Let l be x/((-6)/(-2)) - 0. Let j(f) = f**3 + f**2 + 1. Calculate j(l).
-3
Let x be 2*((-10)/(-4) + -2) - 3. Let a(o) = o**2 - o - 1. Calculate a(x).
5
Suppose 7*n - 9*n + 16 = 0. Suppose n = 4*w, 3*i = -2*i + 3*w + 24. Let b(x) = -x**3 + 5*x**2 + 6*x + 1. Give b(i).
1
Let o(f) = -3*f**2 + f**3 - 1 - 3*f - f + 2*f. Let u = -121 + 125. Calculate o(u).
7
Let m(t) = -20*t + 8. Let r(o) = -7*o + 3. Let k(p) = -3*m(p) + 8*r(p). Suppose 965*i - 970*i + 15 = 0. Give k(i).
12
Suppose 0 = b + 3*p - 22, 5*b + 2 - 17 = 4*p. Let z(j) = -j**2 + 5*j + 8. Give z(b).
-6
Let n(g) = 4*g**3 + 5*g**2 - 2*g + 5. Let w(v) = -2*v**3 - 2*v**2 + v - 2. Let j(b) = 3*n(b) + 7*w(b). What is j(-1)?
3
Let l(s) be the first derivative of -s**4/4 + s**2/2 - 8. Determine l(-2).
6
Let q = -2 + -3. Let t(n) = 3*n**2 + 4*n + 3. Let f(r) = -r. Let d(v) = -v**2 - 5*v - 1. Let o(x) = -d(x) + 5*f(x). Let h(w) = 2*o(w) - t(w). Determine h(q).
-6
Let s(f) = -f**2 - 4*f - 1. Let t(q) = -q**2 + 6*q + 5. Let l be t(7). Determine s(l).
3
Let m(i) = -9 + 8*i - 6 - i - 5*i. Let f be m(7). Let u(n) = -3*n + 1. Give u(f).
4
Let m(z) = -z**3 - 4*z**2 - z - 4. Let i be m(-4). Let t(w) be the third derivative of w**6/120 + w**5/60 + w**4/24 + w**3/2 + w**2. What is t(i)?
3
Let c(x) = 4*x - 10 - 8*x - x. Let g(w) = 11*w + 21. Let d(r) = -13*c(r) - 6*g(r). What is d(3)?
1
Let v be 82/(-8) + (-4)/(-16). Let b be (-26)/v + 6/15. Let o(k) = b - k**2 - 3*k + 3*k + 2*k. Give o(-2).
-5
Let w(u) = -2*u**3 + 2*u**2 + 3*u - 2. Suppose 3*v - p - 4*p = -19, -3*p + 9 = -3*v. What is w(v)?
-4
Let g(v) = -v - 4. Let n(y) = -y - 6. Let p be n(-9). Suppose 2*s - 2*k - 14 = 0, 2*s + 2*k = p*s - 11. Let q be 0/2 + -3 - s. What is g(q)?
2
Let t(a) = a**3 + 9*a**2 - 10*a - 1. Let o be t(-10). Let g(w) be the second derivative of -w**3/3 + w**2/2 + 3*w. Give g(o).
3
Let k = 1 + 1. Suppose -k*p = -g + 6*g - 16, 5*p - 3*g - 40 = 0. Let f be (-2)/(-6) - p/(-3). Let a(z) = z**3 - 3*z**2 - 2. Determine a(f).
-2
Let j = 0 - 3. Let t(i) = -i**2 + 2*i - 4. Let x(z) = -z**2. Let p(r) = t(r) - 2*x(r). What is p(j)?
-1
Let g be 4*2/(-12)*3. Let c(q) = -1 - 2*q**2 + 3*q**3 - 5*q**3 + 0*q**2. Determine c(g).
7
Let a(l) = -7*l**3 - 3*l**2 - 6*l - 11. Let h(f) = -4*f**3 - f**2 - 3*f - 6. Let z(x) = -3*a(x) + 5*h(x). Determine z(-3).
3
Let n(u) = -u**2. Suppose -c - 80 + 27 = -3*s, -22 = -2*s - 2*c. Suppose -k + 3*k = 5*q - 14, 5*q - 3*k = s. Suppose q*p = -p. Give n(p).
0
Let n(b) = 4*b + 40. Let l be n(-8). Let h(t) = -t**3 + 8*t**2 + 5. Determine h(l).
5
Let v(o) = 2*o + 1. Let h be v(-1). Let p(b) = -11*b + 3. Let m(k) = -208*k + 56. Let w(g) = -3*m(g) + 56*p(g). Give w(h).
-8
Let u(x) = x**3 - 6*x**2 + 2*x - 7. Let j be u(6). Let h(v) = 3*v**2 + 5 - j*v - 4*v**2 + v. Give h(-5).
0
Let m(f) = 5*f. Suppose d + 7 = -3*b, -d + 6*d + 2*b - 17 = 0. Let z = -4 + d. Give m(z).
5
Suppose 0 = -4*m + 2*z + 16, 0*z = 5*m - 2*z - 18. Suppose -x + 7 = l, 3*x + 3*l - 25 = -2*x. Let h(c) = 11 - 11 - c**x - c**2. Give h(m).
-8
Let z(p) = -3*p + 2. Let n = -121 - -118. Determine z(n).
11
Suppose -4*v + 72 - 12 = 0. Let a = v + -11. Let n(z) = z**2 - 2*z - 4. Determine n(a).
4
Suppose -u + 3*u = 6. Let j(y) = u*y**2 + y - y + y. Give j(2).
14
Suppose 14 = 4*k - 14. Let p(z) = -k*z**2 - 3 - 3*z + 5*z + z**3 + 4*z. Give p(6).
-3
Let s(y) = -y**2 - y. Suppose -3*o = -4*o + 1. Let n = 1 - o. What is s(n)?
0
Let d(g) = 7 - g - 3 - 5. Give d(4).
-5
Let w = -22 - -17. Let l(x) = x**2 + 4*x - 1. What is l(w)?
4
Let m(f) = -6*f**2 - 6*f + 3. Let h(g) = g + 1. Let v(t) = -2*h(t) - m(t). Let j(a) = 7*a**2 + 5*a - 6. Let x(z) = -5*j(z) + 6*v(z). What is x(2)?
2
Let d = 2 + 3. Suppose 6*h + 8 = 4*h - 2*b, -3*h + 8 = -b. Let i be 3*(d/3 - h). Let q(t) = -4*t + 2. Calculate q(i).
-6
Let i(j) = j**2 + j - 1. Let c be 0/1*2/2. Calculate i(c).
-1
Suppose -2 = -i + 1, 2*r + 3 = 3*i. Let b(l) = -l**2 + 2*l. Determine b(r).
-3
Let w be ((-6)/4)/((-2)/4). Let v(a) = -3 + a**2 + 0*a**2 + 3*a**w - 4*a - 2*a**3. Suppose 2*n - 6 = -5*u - 2*n, 2*n = u + 10. Calculate v(u).
1
Let y = -1 - -3. Suppose 0 = -2*f + y*q - 2 + 12, -f + 4*q = -14. Let z(p) = -2*p - 1. Determine z(f).
-5
Let u be (1*-2)/2*1. Let f(t) be the first derivative of -5*t**3/3 - t**2 - t - 12. Determine f(u).
-4
Suppose 3*d - 4*r + 8 = 0, 2*r = d - 2*r. Let a(x) = -26*x + 11*x + 18*x. Determine a(d).
-12
Let p(l) be the second derivative of l**6/720 - l**5/30 + l**4/12 - 2*l. Let d(j) be the third derivative of p(j). Give d(5).
1
Let t(g) = -g - 1. Suppose 5*f - 4*y = 35, 9 + 56 = 5*f + 2*y. Calculate t(f).
-12
Suppose 5*x + 4 = 9. Let y(u) = -x - 4 - 1 - 3*u. Suppose 24 = -4*v + s, s = 5*v + 22 + 7. What is y(v)?
9
Let y(n) = -n**3 - 4*n**2 - 3*n - 1. Let x = -3 - -5. Let k be (-4 + x)*(-3)/(-2). Calculate y(k).
-1
Let s(b) be the first derivative of -2 + b**2 - 1/24*b**4 + b**3 + 0*b. Let z(t) be the second derivative of s(t). What is z(3)?
3
Let n(i) = -i**3 + 11*i**2 - i + 9. Let c be n(11). Let u(v) = v**2 + 5*v + 2. Give u(c).
-4
Let j(q) be the first derivative of -q**4/12 + q**3/2 + q**2/2 + q - 3. Let v(k) be the first derivative of j(k). Determine v(3).
1
Let c(n) = -n - 2. Suppose -10*o + 11*o = -1. Give c(o).
-1
Suppose 106 = 8*n + 26. Let h(m) = -m**3 + 10*m**2 - m + 13. Calculate h(n).
3
Let s(b) = 7*b - b - 4*b + b**3 + 2*b - 4 - 7*b**2. What is s(6)?
-16
Let g(m) be the third derivative of m**6/720 + m**5/30 + m**4/12 - 4*m**2. Let t(q) be the second derivative of g(q). What is t(-5)?
-1
Suppose 4*n - 4 = -8. Let w(a) = -7*a**2. What is w(n)?
-7
Let r be 3/(-9)*-1 + 264/(-36). Let z(c) = -c**3 - 6*c**2 + 9*c + 7. Give z(r).
-7
Let z(k) = 9*k**3 - 2*k + 1. Suppose q + 100 = 6*q. Let m be (-4)/(-10) + 12/q. What is z(m)?
8
Let v = -2 + 0. Let s(w) = -w**2 + 4*w + 3. Let l(x) be the third derivative of -x**5/60 + x**4/3 + x**3 - 2*x**2. Let u(y) = 3*l(y) - 5*s(y). Determine u(v).
3
Let d(q) = -11*q**3 + 3*q**2 + 5*q + 1. Let j(f) = -11*f**3 + 2*f**2 + 4*f + 1. Let k(c) = 3*d(c) - 4*j(c). Give k(-1).
-10
Let j(z) = -6 - 4*z + 9*z + 3*z**2 - 2*z**2. Suppose -10 = -t - 4*t, 4*p - 2*t = 20. Let b(g) = -g + 1. Let r be b(p). What is j(r)?
-6
Let a(s) = -s**2 - 10*s - 10. Let x be a(-7). Suppose 2*k = -0*k + v, 0 = -k - 5*v - x. Let m(u) = -5*u. What is m(k)?
5
Let c(i) be the second derivative of -i**4/12 - i**3/2 - 2*i**2 - 17*i. Calculate c(-3).
-4
Let h be (-6)/(-15)*(-6 + 1). Let m(z) be the second derivative of -3*z**5/20 - z**4/3 - 2*z**3/3 - z**2 - 8*z - 2. Give m(h).
14
Let i(u) = u**2 - 2 + 99*u - 92*u + 6. Calculate i(-7).
4
Let i(f) = f**3. Let h(b) be the second derivative of -7*b**5/20 + b**4/3 - 2*b**2 - b. Let p(c) = -h(c) - 6*i(c). Suppose 4*q = 2 + 10. Give p(q).
-5
Let d(z) be the first derivative of z**3/6 + z**2 + 2*z + 2. Let s(l) be the first derivative of d(l). Calculate s(3).
5
Let t be (-1)/((4/(-6))/2). Suppose 0 = t*r + b - 5, -4 = b + 3*b. Let o(z) = -3*z. Let p(j) = -3*j + 1. Let m(i) = -2*o(i) + 3*p(i). Give m(r).
-3
Let x(j) = 3 + 4*j + 2*j - 6. Let o(p) = p**3 + 3*p**2 - 5*p - 2. Let t be o(-4). Give x(t).
9
Let m(r) be the second derivative of -r**5/20 + r**4/4 + 5*r**3/6 - 3*r**2 + 2*r. Suppose -4*y + 4 = 4*k, 3*k - 